Hot Springs, Montana

47° 36.48' N | 114° 40.20' W | 2891 feet | Show on map

Climate Summary May 2018

07/23/2018 01:25:00 AM MDT

Station: AcuRite 02064
Software: WeeWX v3.8.0
Weewx uptime: 9 Days, 7 Hours, 52 Minutes
Server uptime: 9 Days, 7 Hours, 54 Minutes
                   MONTHLY CLIMATOLOGICAL SUMMARY for May 2018


NAME: Hot Springs, Montana                  
ELEV: 2891 feet    LAT: 47-36.48 N    LONG: 114-40.20 W


                   TEMPERATURE (°F), RAIN (in), WIND SPEED (mph)

                                         HEAT   COOL         AVG
      MEAN                               DEG    DEG          WIND                   DOM
DAY   TEMP   HIGH   TIME    LOW   TIME   DAYS   DAYS   RAIN  SPEED   HIGH   TIME    DIR
---------------------------------------------------------------------------------------
 01
 02
 03
 04
 05
 06
 07
 08
 09
 10   58.4   71.1  11:54   32.1  10:25    6.6    0.0   0.00    4.9   16.6  19:23    264
 11   50.0   60.1  18:16   41.5  23:18   15.0    0.0   0.12    2.0    8.9  19:02    211
 12   55.8   83.1  18:19   32.5  05:23    9.2    0.0   0.00    2.6    8.9  15:46    199
 13   61.6   85.1  15:46   38.7  05:56    3.4    0.0   0.00    2.9   13.0  15:13    103
 14   64.9   89.4  18:53   40.8  06:06    0.1    0.0   0.00    2.5    8.3  15:57    138
 15   66.1   90.1  18:21   41.9  05:49    0.0    1.1   0.00    2.8   10.4  15:37    148
 16   60.9   89.4  13:58   45.0  05:28    4.1    0.0   1.17    3.4   21.2  17:27    236
 17   54.0   63.9  16:40   48.2  06:10   11.0    0.0   0.45    0.7    4.7  02:25    224
 18   55.7   63.7  12:36   47.3  23:59    9.3    0.0   0.05    4.5   14.5  13:20      5
 19   55.2   74.1  18:19   42.6  05:13    9.8    0.0   0.00    2.4    9.4  15:30    261
 20   61.0   82.6  15:15   39.9  05:55    4.0    0.0   0.00    2.6   15.0  21:04    207
 21   65.1   83.5  13:41   53.4  06:05    0.0    0.1   0.00    2.1    8.3  14:16    265
 22   66.4   86.0  19:11   46.4  06:05    0.0    1.4   0.00    2.5    9.4  18:03    153
 23   65.2   88.3  16:12   45.9  05:55    0.0    0.2   0.13    2.8   15.0  17:53    188
 24   66.6   86.2  14:33   54.1  04:49    0.0    1.6   0.00    3.4   15.5  15:00    221
 25   69.6   88.2  14:53   48.4  05:33    0.0    4.6   0.00    3.0   11.9  21:45    118
 26   65.3   81.5  15:34   55.4  06:10    0.0    0.3   0.13    3.8   19.1  01:23    254
 27   67.0   90.9  18:51   45.9  06:07    0.0    2.0   0.00    3.0    8.3  12:32    128
 28   69.6   88.5  14:59   47.3  05:13    0.0    4.6   0.00    3.5   14.5  22:49    229
 29   65.9   86.4  14:29   49.3  05:15    0.0    0.9   0.00    3.9   17.1  14:53    224
 30   67.1   70.3  12:25   63.5  11:59    0.0    2.1   0.00    5.3   13.5  12:30    236
 31   64.2   67.5  11:51   59.7  11:19    0.8    0.0   0.01    2.5    6.8  13:24     50
---------------------------------------------------------------------------------------
      62.5   90.9     27   32.1     10   73.2   18.8   2.06    2.9   21.2     16    220
    
Updated: 05/31/2018 02:25:00 PM