Hot Springs, Montana

47° 36.48' N | 114° 40.20' W | 2891 feet | Show on map

Climate Summary July 2018

09/19/2018 04:45:00 PM MDT

Station: AcuRite 02064
Software: WeeWX v3.8.2
Weewx uptime: 1 Day, 1 Hour, 15 Minutes
Server uptime: 15 Days, 0 Hours, 7 Minutes
                   MONTHLY CLIMATOLOGICAL SUMMARY for Jul 2018


NAME: Hot Springs, Montana                  
ELEV: 2891 feet    LAT: 47-36.48 N    LONG: 114-40.20 W


                   TEMPERATURE (°F), RAIN (in), WIND SPEED (mph)

                                         HEAT   COOL         AVG
      MEAN                               DEG    DEG          WIND                   DOM
DAY   TEMP   HIGH   TIME    LOW   TIME   DAYS   DAYS   RAIN  SPEED   HIGH   TIME    DIR
---------------------------------------------------------------------------------------
 01
 02
 03   59.4   68.4  12:37   52.7  14:44    5.6    0.0   0.14    3.6   11.4  15:34    110
 04
 05   83.8  102.9  19:32   64.4  23:56    0.0   18.8   0.00    2.5    6.8  20:35    250
 06   76.3   97.0  15:30   55.4  05:05    0.0   11.3   0.00    4.4   25.8  20:43    217
 07   76.4   90.5  17:07   58.6  23:36    0.0   11.4   0.00    4.5   14.5  09:18    223
 08   81.6   94.8  18:31   56.3  01:07    0.0   16.6   0.00    3.6    8.9  16:01    125
 09   86.6  101.3  19:24   65.3  07:57    0.0   21.6   0.00    3.1    9.9  12:38    101
 10   71.8   87.8  12:45   53.2  06:01    0.0    6.8   0.00    4.6   21.7  15:08    253
 11   68.8   86.4  19:44   47.7  05:55    0.0    3.8   0.00    2.6    9.4  11:29    188
 12   73.9   98.4  18:41   50.7  05:48    0.0    8.9   0.00    2.9   10.4  12:58    126
 13   77.9  100.2  18:38   51.1  06:03    0.0   12.9   0.00    3.6   18.1  14:09    236
 14   79.7   97.2  15:18   58.1  06:15    0.0   14.7   0.00    4.1   19.7  15:39    245
 15   76.4   99.5  18:44   52.3  05:39    0.0   11.4   0.00    2.8   10.4  15:25    136
 16   75.0  100.6  16:37   50.7  06:03    0.0   10.0   0.00    2.6   11.4  16:15    162
 17   75.1  101.1  19:33   53.6  06:01    0.0   10.1   0.00    2.4   16.1  17:24    238
 18   76.1   96.4  14:38   51.3  05:44    0.0   11.1   0.00    4.0   16.1  13:14    234
 19   75.9   99.0  18:36   51.6  05:53    0.0   10.9   0.00    3.2   13.0  16:29    232
 20   74.1   93.2  15:13   49.8  06:14    0.0    9.1   0.00    4.1   17.1  13:33    250
 21   69.9   91.6  16:28   43.2  06:06    0.0    4.9   0.00    4.2   21.7  17:51    244
 22   71.8   93.2  18:49   46.9  05:42    0.0    6.8   0.00    3.4   11.9  16:36    113
 23   55.9   78.4  09:03   47.3  06:15    9.1    0.0   0.00    1.7    4.2  00:23    220
 24
 25   92.1   98.4  15:36   84.9  11:50    0.0   27.1   0.00    3.7    8.9  14:09     91
 26   80.3   92.8  15:57   66.9  23:58    0.0   15.3   0.00    4.4   16.1  16:15     45
 27   69.6   91.0  14:24   59.7  07:21    0.0    4.6   0.00    2.8    8.9  11:17    201
 28
 29
 30
 31
---------------------------------------------------------------------------------------
      74.8  102.9     05   43.2     21   14.7  248.3   0.14    3.5   25.8     06    226
    
Updated: 07/27/2018 02:30:00 PM