Hot Springs, Montana

47° 36.48' N | 114° 40.20' W | 2891 feet | Show on map

Climate Summary November 2018

03/25/2019 05:40:00 AM MDT

Station: AcuRite 02064
Software: WeeWX v3.8.2
Weewx uptime: 33 Days, 14 Hours, 28 Minutes
Server uptime: 33 Days, 14 Hours, 28 Minutes
                   MONTHLY CLIMATOLOGICAL SUMMARY for Nov 2018


NAME: Hot Springs, Montana                  
ELEV: 2891 feet    LAT: 47-36.48 N    LONG: 114-40.20 W


                   TEMPERATURE (°F), RAIN (in), WIND SPEED (mph)

                                         HEAT   COOL         AVG
      MEAN                               DEG    DEG          WIND                   DOM
DAY   TEMP   HIGH   TIME    LOW   TIME   DAYS   DAYS   RAIN  SPEED   HIGH   TIME    DIR
---------------------------------------------------------------------------------------
 01   44.2   50.9  15:35   39.4  07:11   20.8    0.0   0.20    0.5    5.8  00:27    239
 02   50.7   58.5  13:54   39.2  21:32   14.3    0.0   0.11    4.7   18.6  12:48    194
 03   46.9   51.1  15:58   40.5  00:22   18.1    0.0   0.00    4.2   15.0  13:22    222
 04   45.1   52.5  14:20   39.2  23:57   19.9    0.0   0.20    5.4   18.6  12:19    179
 05   40.6   46.6  12:50   34.0  23:22   24.4    0.0   0.01    2.6   14.0  08:55    240
 06   37.5   49.6  15:34   31.1  07:40   27.5    0.0   0.10    1.1   11.4  15:45    232
 07   32.7   39.2  11:20   29.3  20:25   32.3    0.0   0.02    1.2   13.5  12:28    350
 08   30.4   38.8  11:45   24.3  20:39   34.6    0.0   0.04    0.0    0.0  00:07     90
 09   28.5   34.2  12:48   25.2  05:45   36.5    0.0   0.00    0.0    0.0  00:00     90
 10   31.8   42.4  12:01   22.5  23:56   33.2    0.0   0.18    1.1    6.3  13:21    229
 11   28.4   38.3  13:32   21.9  00:16   36.6    0.0   0.01    0.7    4.7  19:27    196
 12   25.3   33.8  15:18   19.2  03:55   39.7    0.0   0.00    1.1    5.8  13:36    236
 13   24.4   35.4  15:30   17.2  05:35   40.6    0.0   0.00    0.9    4.7  13:08    212
 14   31.4   45.5  17:25   19.6  00:09   33.6    0.0   0.03    2.0   17.1  16:19    184
 15   43.9   52.3  15:04   34.7  08:40   21.1    0.0   0.00    2.3   12.5  23:08    234
 16   39.9   46.0  10:20   30.2  20:50   25.1    0.0   0.00    3.2   13.5  10:39    118
 17   28.8   36.7  12:54   18.1  23:05   36.2    0.0   0.00    1.9    5.8  12:54    184
 18   26.9   37.4  15:58   15.4  08:06   38.1    0.0   0.34    1.5    4.7  11:46    162
 19   21.2   36.3  13:31   16.2  07:05   43.8    0.0   0.00    0.8    5.3  13:31    176
 20   26.9   31.3  14:05   18.5  07:31   38.1    0.0   0.00    1.0    4.7  13:30    139
 21   24.6   30.0  14:00   21.9  07:56   40.4    0.0   0.00    1.5    5.3  04:01    244
 22   27.5   39.2  14:28   21.4  04:48   37.5    0.0   0.00    0.8    5.3  13:52    181
 23   35.2   47.8  14:54   28.8  06:29   29.8    0.0   0.02    2.2   13.5  11:35    200
 24   34.1   45.3  15:29   26.2  00:00   30.9    0.0   0.00    2.3    9.4  15:39    239
 25   30.8   43.9  14:44   24.1  23:45   34.2    0.0   0.00    1.7   10.9  13:04    192
 26   26.0   37.6  13:51   19.8  06:45   39.0    0.0   0.00    0.6    3.7  12:46    182
 27   44.1   47.8  12:34   39.9  22:48   20.9    0.0   0.01    4.7   16.1  13:06    187
 28   39.0   47.5  12:02  -32.0  10:24   26.0    0.0   0.00    2.5   10.4  12:08    243
 29   32.4   43.9  13:19   25.9  23:53   32.6    0.0   0.00    0.9    5.8  13:45    202
 30   32.0   40.5  12:34   23.4  01:26   33.0    0.0   0.00    0.3    3.7  10:48    160
---------------------------------------------------------------------------------------
      34.0   58.5     02  -32.0     28  938.8    0.0   1.27    1.7   18.6     02    206
    
Updated: 12/01/2018 12:00:00 AM