Hot Springs, Montana

47° 36.48' N | 114° 40.20' W | 2891 feet | Show on map

Climate Summary December 2018

06/18/2019 12:40:00 PM MDT

Station: AcuRite 02064
Software: WeeWX v3.8.2
Weewx uptime: 1 Day, 1 Hour, 8 Minutes
Server uptime: 32 Days, 1 Hour, 43 Minutes
                   MONTHLY CLIMATOLOGICAL SUMMARY for Dec 2018


NAME: Hot Springs, Montana                  
ELEV: 2891 feet    LAT: 47-36.48 N    LONG: 114-40.20 W


                   TEMPERATURE (°F), RAIN (in), WIND SPEED (mph)

                                         HEAT   COOL         AVG
      MEAN                               DEG    DEG          WIND                   DOM
DAY   TEMP   HIGH   TIME    LOW   TIME   DAYS   DAYS   RAIN  SPEED   HIGH   TIME    DIR
---------------------------------------------------------------------------------------
 01   32.0   38.8  13:52   28.6  08:35   33.0    0.0   0.01    0.8    5.3  14:29     95
 02   31.5   38.5  13:44   27.7  22:32   33.5    0.0   0.00    0.9    5.8  11:32    105
 03   30.3   37.6  13:47   26.2  05:59   34.7    0.0   0.00    0.6    8.3  20:46    231
 04   30.4   38.3  13:37   22.1  21:45   34.6    0.0   0.00    3.6   13.5  22:35    216
 05   20.4   34.7  14:59   12.2  06:45   44.6    0.0   0.00    1.0    5.3  04:32    206
 06   17.0   28.2  13:47    7.5  05:32   48.0    0.0   0.00    1.4    5.3  14:52    231
 07   20.7   27.5  12:56   14.7  20:26   44.3    0.0   0.00    1.6    6.3  09:51    205
 08   24.6   30.0  13:27   19.6  00:00   40.4    0.0   0.00    0.3    3.7  00:06    138
 09   26.2   34.2  14:49   19.0  23:34   38.8    0.0   0.00    0.6    5.3  12:59    144
 10   25.2   36.0  23:55   17.1  01:07   39.8    0.0   0.00    0.7    9.4  23:38    196
 11   37.7   43.0  13:43   30.6  00:34   27.3    0.0   0.00    5.1   20.2  09:58    181
 12   37.7   40.6  00:18   32.5  18:57   27.3    0.0   0.10    8.5   28.9  09:56    247
 13   39.4   42.8  15:42   32.9  21:29   25.6    0.0   0.00    7.5   30.5  10:57    176
 14
 15   35.0   43.2  14:35   24.4  20:00   30.0    0.0   0.04    3.9   26.9  03:27    205
 16   30.4   40.6  14:17   23.2  01:13   34.6    0.0   0.00    0.5    4.7  22:22    188
 17   35.5   50.7  13:05   29.8  00:00   29.5    0.0   0.00    1.6   11.4  17:08    221
 18   38.0   44.8  14:01   31.8  00:40   27.0    0.0   0.27    4.7   23.8  14:32    235
 19   38.7   43.2  10:54   29.7  23:55   26.3    0.0   0.05    5.8   23.8  02:37    246
 20   34.9   43.9  20:37   28.6  04:45   30.1    0.0   0.01    1.8   20.7  23:06    202
 21   32.5   39.2  00:00   27.5  23:48   32.5    0.0   0.05    3.9   19.7  02:31    219
 22   26.7   35.6  14:13   20.5  20:25   38.3    0.0   0.00    2.0    9.4  13:12    221
 23   27.3   34.2  13:41   21.2  01:30   37.7    0.0   0.00    0.8    4.7  18:12    155
 24   30.1   39.7  13:29   25.9  01:49   34.9    0.0   0.08    0.5    3.7  09:17    134
 25   30.5   35.4  13:26   27.3  18:35   34.5    0.0   0.01    0.1    3.7  18:35    212
 26   27.6   34.0  14:05   21.6  23:25   37.4    0.0   0.00    0.6    6.3  14:22    156
 27   26.9   36.5  11:54   22.3  00:00   38.1    0.0   0.01    0.2    3.7  13:52    161
 28   27.5   33.4  12:15   23.4  08:07   37.5    0.0   0.00    2.8   12.5  22:41    200
 29   34.9   43.0  14:18   27.1  06:50   30.1    0.0   0.08    4.1   21.7  23:52    177
 30   33.7   41.0  00:38   24.3  23:55   31.3    0.0   0.08    5.3   22.7  00:40    298
 31   20.4   26.2  12:46   14.4  07:14   44.6    0.0   0.00    2.6   13.0  02:23    311
---------------------------------------------------------------------------------------
      30.0   50.7     17    7.5     06 1046.5    0.0   0.79    2.4   30.5     13    218
    
Updated: 01/01/2019 12:00:00 AM