Hot Springs, Montana

47° 36.48' N | 114° 40.20' W | 2891 feet | Show on map

Climate Summary January 2019

03/25/2019 06:20:00 AM MDT

Station: AcuRite 02064
Software: WeeWX v3.8.2
Weewx uptime: 33 Days, 15 Hours, 8 Minutes
Server uptime: 33 Days, 15 Hours, 8 Minutes
                   MONTHLY CLIMATOLOGICAL SUMMARY for Jan 2019


NAME: Hot Springs, Montana                  
ELEV: 2891 feet    LAT: 47-36.48 N    LONG: 114-40.20 W


                   TEMPERATURE (°F), RAIN (in), WIND SPEED (mph)

                                         HEAT   COOL         AVG
      MEAN                               DEG    DEG          WIND                   DOM
DAY   TEMP   HIGH   TIME    LOW   TIME   DAYS   DAYS   RAIN  SPEED   HIGH   TIME    DIR
---------------------------------------------------------------------------------------
 01   21.5   28.0  14:08   15.8  02:45   43.5    0.0   0.00    0.7    4.7  02:16    180
 02   28.6   36.3  15:47   21.0  06:56   36.4    0.0   0.00    0.9    6.3  22:47    186
 03   42.0   47.8  14:10   31.3  00:00   23.0    0.0   0.00    5.6   18.1  09:51    153
 04   40.3   47.1  07:05   28.9  02:55   24.7    0.0   0.00    6.6   25.8  10:25    246
 05   32.6   42.1  14:55   27.0  08:27   32.4    0.0   0.00    0.6    5.8  22:30    203
 06   33.7   44.6  13:11   27.3  20:50   31.3    0.0   0.00    3.3   22.2  14:21    231
 07   32.4   39.0  12:02   28.8  05:00   32.6    0.0   0.02    6.0   33.5  11:53    241
 08   25.1   34.5  14:14   13.5  08:35   39.9    0.0   0.00    0.7    7.3  00:58    199
 09   31.6   37.6  14:30   27.9  05:06   33.4    0.0   0.00    0.6    5.3  06:11    132
 10   34.7   45.0  14:49   27.0  23:53   30.3    0.0   0.01    1.5    7.3  16:12    205
 11   27.1   34.0  14:14   21.0  07:20   37.9    0.0   0.00    0.5    4.2  01:14    220
 12   26.5   29.7  12:54   25.2  23:15   38.5    0.0   0.00    1.0    5.3  15:05     52
 13   25.0   28.4  13:56   23.9  08:39   40.0    0.0   0.00    1.8    6.8  09:01    241
 14   24.0   27.1  13:31   23.2  08:00   41.0    0.0   0.00    2.2    6.3  03:49    258
 15   23.8   25.7  13:51   22.6  08:10   41.2    0.0   0.00    1.3    5.8  14:42    135
 16   24.0   27.3  12:30   22.6  01:10   41.0    0.0   0.00    0.8    5.8  15:23     81
 17   27.7   32.5  13:48   24.1  09:14   37.3    0.0   0.00    0.0    0.0  09:14     90
 18   32.8   44.1  14:48   24.8  10:00   32.2    0.0   0.35    1.3   12.5  14:50    225
 19   34.9   46.0  13:52   27.5  00:53   30.1    0.0   0.17    2.3   16.1  14:09    218
 20   32.1   36.1  12:05   27.7  06:52   32.9    0.0   0.00    0.6    6.8  00:23    222
 21   27.4   42.1  14:03   13.1  23:51   37.6    0.0   0.08    0.0    1.7  09:35    123
 22   20.4   40.5  15:11    9.3  03:35   44.6    0.0   0.00    0.6   12.5  21:41    188
 23   30.9   42.3  13:13   29.3  18:42   34.1    0.0   0.11    0.2    3.2  20:39    206
 24   29.0   42.6  16:11   21.2  23:14   36.0    0.0   0.04    1.2    6.8  16:51    247
 25   32.1   44.2  14:32   23.9  21:26   32.9    0.0   0.09    1.2    5.8  12:20    121
 26   30.5   41.9  15:26   22.8  08:20   34.5    0.0   0.19    1.2    6.8  17:51    162
 27   36.0   38.8  18:22   32.0  23:58   29.0    0.0   0.06    6.7   14.5  21:31      7
 28   23.5   34.0  14:40   11.8  23:59   41.5    0.0   0.00    1.4   10.9  03:43    202
 29   13.3   27.0  16:27    4.1  07:25   51.7    0.0   0.00    1.0    5.3  12:19    172
 30   16.8   26.4  16:53    4.5  02:14   48.2    0.0   0.00    0.7    4.7  12:38    136
 31   26.6   36.7  16:15   16.5  00:23   38.4    0.0   0.00    0.8    5.3  13:23    137
---------------------------------------------------------------------------------------
      28.2   47.8     03    4.1     29 1128.0    0.0   1.12    1.7   33.5     07    212
    
Updated: 02/01/2019 12:00:00 AM